{"id":419,"date":"2020-03-28T20:19:26","date_gmt":"2020-03-28T20:19:26","guid":{"rendered":"http:\/\/primeschool.pl\/katarzynawitek\/?page_id=419"},"modified":"2021-10-08T08:29:51","modified_gmt":"2021-10-08T08:29:51","slug":"katarzyna-witek","status":"publish","type":"page","link":"https:\/\/primeschool.pl\/katarzynawitek\/","title":{"rendered":"Katarzyna Witek"},"content":{"rendered":"\n<div class=\"wp-block-image is-style-rounded\"><figure class=\"aligncenter size-thumbnail\"><img loading=\"lazy\" decoding=\"async\" width=\"150\" height=\"150\" src=\"https:\/\/primeschool.pl\/katarzynawitek\/wp-content\/uploads\/2021\/10\/2-e1630502456901-150x150.jpg\" alt=\"\" class=\"wp-image-3365\" srcset=\"https:\/\/primeschool.pl\/katarzynawitek\/wp-content\/uploads\/2021\/10\/2-e1630502456901-150x150.jpg 150w, https:\/\/primeschool.pl\/katarzynawitek\/wp-content\/uploads\/2021\/10\/2-e1630502456901-300x300.jpg 300w, https:\/\/primeschool.pl\/katarzynawitek\/wp-content\/uploads\/2021\/10\/2-e1630502456901-768x768.jpg 768w, https:\/\/primeschool.pl\/katarzynawitek\/wp-content\/uploads\/2021\/10\/2-e1630502456901.jpg 880w\" sizes=\"auto, (max-width: 150px) 100vw, 150px\" \/><\/figure><\/div>\n\n\n\n<h3 class=\"has-text-align-center tw-mb-1 has-h-5-font-size wp-block-heading\">Katarzyna Witek<\/h3>\n\n\n\n<p class=\"has-text-align-center has-accent-color has-text-color has-small-font-size\"><strong>Lektor<\/strong><\/p>\n\n\n\n<p class=\"has-text-align-center\">Zapraszam na zaj\u0119cia zdalne. Link do spotkania i materia\u0142y znajdziesz poni\u017cej.<\/p>\n\n\n\n<div class=\"wp-block-buttons is-content-justification-center is-layout-flex wp-block-buttons-is-layout-flex\">\n<div class=\"wp-block-button\"><a class=\"wp-block-button__link\" href=\"#materialy\">dalej<\/a><\/div>\n<\/div>\n\n\n\n<div style=\"height:1px\" aria-hidden=\"true\" id=\"materialy\" class=\"wp-block-spacer\"><\/div>\n\n\n\n<h4 class=\"has-text-align-center wp-block-heading\">Najnowsze materia\u0142y<\/h4>\n\n\n<ul class=\"wp-block-latest-posts__list is-grid columns-3 has-dates wp-block-latest-posts\"><li><div class=\"wp-block-latest-posts__featured-image aligncenter\"><img loading=\"lazy\" decoding=\"async\" width=\"34\" height=\"28\" src=\"https:\/\/primeschool.pl\/katarzynawitek\/wp-content\/uploads\/2021\/10\/gg.jpg\" class=\"attachment-thumbnail size-thumbnail wp-post-image default-featured-img\" alt=\"\" style=\"\" \/><\/div><a class=\"wp-block-latest-posts__post-title\" href=\"https:\/\/primeschool.pl\/katarzynawitek\/2022\/02\/06\/materialy-oraz-link-do-zajec-online-kl-4a-sp50-09-02-22-godz-7-30-9-00\/\">Materia\u0142y oraz link do zaj\u0119\u0107 online kl.4A SP50 09.02.22 godz. 7.30-9.00<\/a><time datetime=\"2022-02-06T13:41:15+00:00\" class=\"wp-block-latest-posts__post-date\">6 lutego, 2022<\/time><div class=\"wp-block-latest-posts__post-excerpt\">Link do zaj\u0119\u0107: http:\/\/meet.google.com\/ezu-eqnk-bzg Test semestralny online<\/div><\/li>\n<li><div class=\"wp-block-latest-posts__featured-image aligncenter\"><img loading=\"lazy\" decoding=\"async\" width=\"34\" height=\"28\" src=\"https:\/\/primeschool.pl\/katarzynawitek\/wp-content\/uploads\/2021\/10\/gg.jpg\" class=\"attachment-thumbnail size-thumbnail wp-post-image default-featured-img\" alt=\"\" style=\"\" \/><\/div><a class=\"wp-block-latest-posts__post-title\" href=\"https:\/\/primeschool.pl\/katarzynawitek\/2022\/01\/30\/materialy-oraz-link-do-zajec-online-kl-4a-sp50-02-02-2022-godz-7-30-9-00\/\">Zabezpieczone: Materia\u0142y oraz link do zaj\u0119\u0107 online kl.4A SP50 02.02.2022 godz. 7.30-9.00<\/a><time datetime=\"2022-01-30T18:08:37+00:00\" class=\"wp-block-latest-posts__post-date\">30 stycznia, 2022<\/time><div class=\"wp-block-latest-posts__post-excerpt\">Tre\u015b\u0107 jest zabezpieczona has\u0142em.<\/div><\/li>\n<li><div class=\"wp-block-latest-posts__featured-image aligncenter\"><img loading=\"lazy\" decoding=\"async\" width=\"34\" height=\"28\" src=\"https:\/\/primeschool.pl\/katarzynawitek\/wp-content\/uploads\/2021\/10\/gg.jpg\" class=\"attachment-thumbnail size-thumbnail wp-post-image default-featured-img\" alt=\"\" style=\"\" \/><\/div><a class=\"wp-block-latest-posts__post-title\" href=\"https:\/\/primeschool.pl\/katarzynawitek\/2022\/01\/26\/materialy-oraz-link-do-zajec-online-kl-3de-sp58-28-01-22-godz-16-00-16-55\/\">Zabezpieczone: Materia\u0142y oraz link do zaj\u0119\u0107 online kl.3DE SP58 28.01.22 godz. 16.00-16.55<\/a><time datetime=\"2022-01-26T15:59:12+00:00\" class=\"wp-block-latest-posts__post-date\">26 stycznia, 2022<\/time><div class=\"wp-block-latest-posts__post-excerpt\">Tre\u015b\u0107 jest zabezpieczona has\u0142em.<\/div><\/li>\n<li><div class=\"wp-block-latest-posts__featured-image aligncenter\"><img loading=\"lazy\" decoding=\"async\" width=\"34\" height=\"28\" src=\"https:\/\/primeschool.pl\/katarzynawitek\/wp-content\/uploads\/2021\/10\/gg.jpg\" class=\"attachment-thumbnail size-thumbnail wp-post-image default-featured-img\" alt=\"\" style=\"\" \/><\/div><a class=\"wp-block-latest-posts__post-title\" href=\"https:\/\/primeschool.pl\/katarzynawitek\/2022\/01\/26\/materialy-oraz-link-do-zajec-online-kl-3abc-sp58-27-01-22-godz-15-30-16-25\/\">Zabezpieczone: Materia\u0142y oraz link do zaj\u0119\u0107 online kl.3ABC SP58 27.01.22 godz. 15.30-16.25<\/a><time datetime=\"2022-01-26T15:55:55+00:00\" class=\"wp-block-latest-posts__post-date\">26 stycznia, 2022<\/time><div class=\"wp-block-latest-posts__post-excerpt\">Tre\u015b\u0107 jest zabezpieczona has\u0142em.<\/div><\/li>\n<li><div class=\"wp-block-latest-posts__featured-image aligncenter\"><img loading=\"lazy\" decoding=\"async\" width=\"34\" height=\"28\" src=\"https:\/\/primeschool.pl\/katarzynawitek\/wp-content\/uploads\/2021\/10\/gg.jpg\" class=\"attachment-thumbnail size-thumbnail wp-post-image default-featured-img\" alt=\"\" style=\"\" \/><\/div><a class=\"wp-block-latest-posts__post-title\" href=\"https:\/\/primeschool.pl\/katarzynawitek\/2022\/01\/26\/materialy-oraz-link-do-zajec-online-kl-3a-sp50-27-01-22-godz-12-25-13-20\/\">Zabezpieczone: Materia\u0142y oraz link do zaj\u0119\u0107 online kl.3A SP50 27.01.22 godz. 12.25-13.20<\/a><time datetime=\"2022-01-26T13:15:29+00:00\" class=\"wp-block-latest-posts__post-date\">26 stycznia, 2022<\/time><div class=\"wp-block-latest-posts__post-excerpt\">Tre\u015b\u0107 jest zabezpieczona has\u0142em.<\/div><\/li>\n<li><div class=\"wp-block-latest-posts__featured-image aligncenter\"><img loading=\"lazy\" decoding=\"async\" width=\"34\" height=\"28\" src=\"https:\/\/primeschool.pl\/katarzynawitek\/wp-content\/uploads\/2021\/10\/gg.jpg\" class=\"attachment-thumbnail size-thumbnail wp-post-image default-featured-img\" alt=\"\" style=\"\" \/><\/div><a class=\"wp-block-latest-posts__post-title\" href=\"https:\/\/primeschool.pl\/katarzynawitek\/2022\/01\/26\/materialy-oraz-link-do-zajec-online-kl-1cd-sp50-27-01-22-godz-13-30-14-25\/\">Zabezpieczone: Materia\u0142y oraz link do zaj\u0119\u0107 online kl.1CD SP50 27.01.22 godz. 13.30-14.25<\/a><time datetime=\"2022-01-26T13:09:59+00:00\" class=\"wp-block-latest-posts__post-date\">26 stycznia, 2022<\/time><div class=\"wp-block-latest-posts__post-excerpt\">Tre\u015b\u0107 jest zabezpieczona has\u0142em.<\/div><\/li>\n<\/ul>\n\n\n<h4 class=\"wp-block-heading\">Grupy<\/h4>\n\n\n<ul class=\"wp-block-categories-list wp-block-categories\">\t<li class=\"cat-item cat-item-29\"><a href=\"https:\/\/primeschool.pl\/katarzynawitek\/category\/klasa-3ed-sp58\/\">Klasa 3ED SP58<\/a>\n<\/li>\n\t<li class=\"cat-item cat-item-15\"><a href=\"https:\/\/primeschool.pl\/katarzynawitek\/category\/sp-50-kl-3-d\/\">SP 50 kl. 3 D<\/a>\n<\/li>\n\t<li class=\"cat-item cat-item-31\"><a href=\"https:\/\/primeschool.pl\/katarzynawitek\/category\/sp-50-klasa-1a\/\">SP 50 Klasa 1A<\/a>\n<\/li>\n\t<li class=\"cat-item cat-item-32\"><a href=\"https:\/\/primeschool.pl\/katarzynawitek\/category\/sp-50-klasa-1b\/\">SP 50 Klasa 1B<\/a>\n<\/li>\n\t<li class=\"cat-item cat-item-34\"><a href=\"https:\/\/primeschool.pl\/katarzynawitek\/category\/sp-50-klasa-1cd\/\">SP 50 Klasa 1CD<\/a>\n<\/li>\n\t<li class=\"cat-item cat-item-30\"><a href=\"https:\/\/primeschool.pl\/katarzynawitek\/category\/sp-50-klasa-2c\/\">SP 50 Klasa 2C<\/a>\n<\/li>\n\t<li class=\"cat-item cat-item-16\"><a href=\"https:\/\/primeschool.pl\/katarzynawitek\/category\/sp-50-klasa-3-b\/\">SP 50 Klasa 3 B<\/a>\n<\/li>\n\t<li class=\"cat-item cat-item-27\"><a href=\"https:\/\/primeschool.pl\/katarzynawitek\/category\/sp-50-klasa-3a\/\">SP 50 Klasa 3A<\/a>\n<\/li>\n\t<li class=\"cat-item cat-item-26\"><a href=\"https:\/\/primeschool.pl\/katarzynawitek\/category\/sp-50-klasa-3c\/\">SP 50 Klasa 3C<\/a>\n<\/li>\n\t<li class=\"cat-item cat-item-20\"><a href=\"https:\/\/primeschool.pl\/katarzynawitek\/category\/sp-50-klasa-4-a\/\">SP 50 Klasa 4 A<\/a>\n<\/li>\n\t<li class=\"cat-item cat-item-24\"><a href=\"https:\/\/primeschool.pl\/katarzynawitek\/category\/sp-58-kl-3-abc\/\">SP 58 kl. 3 ABC<\/a>\n<\/li>\n\t<li class=\"cat-item cat-item-33\"><a href=\"https:\/\/primeschool.pl\/katarzynawitek\/category\/sp-58-klasa-1\/\">SP 58 Klasa 1<\/a>\n<\/li>\n\t<li class=\"cat-item cat-item-1\"><a href=\"https:\/\/primeschool.pl\/katarzynawitek\/category\/uncategorized\/\">Uncategorized<\/a>\n<\/li>\n<\/ul>","protected":false},"excerpt":{"rendered":"<p>Katarzyna Witek Lektor Zapraszam na zaj\u0119cia zdalne. Link do spotkania i materia\u0142y znajdziesz poni\u017cej. Najnowsze materia\u0142y Grupy<\/p>\n","protected":false},"author":1,"featured_media":3361,"parent":0,"menu_order":0,"comment_status":"closed","ping_status":"closed","template":"","meta":{"footnotes":""},"class_list":["post-419","page","type-page","status-publish","has-post-thumbnail","hentry"],"_links":{"self":[{"href":"https:\/\/primeschool.pl\/katarzynawitek\/wp-json\/wp\/v2\/pages\/419","targetHints":{"allow":["GET"]}}],"collection":[{"href":"https:\/\/primeschool.pl\/katarzynawitek\/wp-json\/wp\/v2\/pages"}],"about":[{"href":"https:\/\/primeschool.pl\/katarzynawitek\/wp-json\/wp\/v2\/types\/page"}],"author":[{"embeddable":true,"href":"https:\/\/primeschool.pl\/katarzynawitek\/wp-json\/wp\/v2\/users\/1"}],"replies":[{"embeddable":true,"href":"https:\/\/primeschool.pl\/katarzynawitek\/wp-json\/wp\/v2\/comments?post=419"}],"version-history":[{"count":10,"href":"https:\/\/primeschool.pl\/katarzynawitek\/wp-json\/wp\/v2\/pages\/419\/revisions"}],"predecessor-version":[{"id":3369,"href":"https:\/\/primeschool.pl\/katarzynawitek\/wp-json\/wp\/v2\/pages\/419\/revisions\/3369"}],"wp:featuredmedia":[{"embeddable":true,"href":"https:\/\/primeschool.pl\/katarzynawitek\/wp-json\/wp\/v2\/media\/3361"}],"wp:attachment":[{"href":"https:\/\/primeschool.pl\/katarzynawitek\/wp-json\/wp\/v2\/media?parent=419"}],"curies":[{"name":"wp","href":"https:\/\/api.w.org\/{rel}","templated":true}]}}